CRAN Package Check Results for Package IMaGES

Last updated on 2019-04-22 01:47:42 CEST.

Flavor Version Tinstall Tcheck Ttotal Status Flags
r-devel-linux-x86_64-debian-clang 0.1 81.21 88.87 170.08 OK
r-devel-linux-x86_64-debian-gcc 0.1 67.03 68.82 135.85 OK
r-devel-linux-x86_64-fedora-clang 0.1 242.94 NOTE
r-devel-linux-x86_64-fedora-gcc 0.1 235.02 OK
r-devel-windows-ix86+x86_64 0.1 229.00 193.00 422.00 OK
r-patched-linux-x86_64 0.1 82.42 87.67 170.09 OK
r-patched-solaris-x86 0.1 270.10 OK
r-release-linux-x86_64 0.1 81.04 102.61 183.65 OK
r-release-windows-ix86+x86_64 0.1 168.00 165.00 333.00 OK
r-release-osx-x86_64 0.1 NOTE
r-oldrel-windows-ix86+x86_64 0.1 163.00 193.00 356.00 OK
r-oldrel-osx-x86_64 0.1 NOTE

Check Details

Version: 0.1
Check: installed package size
Result: NOTE
     installed size is 7.9Mb
     sub-directories of 1Mb or more:
     libs 6.5Mb
Flavors: r-devel-linux-x86_64-fedora-clang, r-release-osx-x86_64, r-oldrel-osx-x86_64