CRAN Package Check Results for Package JFE

Last updated on 2019-04-22 01:47:44 CEST.

Flavor Version Tinstall Tcheck Ttotal Status Flags
r-devel-linux-x86_64-debian-clang 2.1.1 15.25 112.86 128.11 OK
r-devel-linux-x86_64-debian-gcc 2.1.1 12.84 88.41 101.25 OK
r-devel-linux-x86_64-fedora-clang 2.1.1 149.64 NOTE
r-devel-linux-x86_64-fedora-gcc 2.1.1 158.62 NOTE
r-devel-windows-ix86+x86_64 2.1.1 46.00 177.00 223.00 OK
r-patched-linux-x86_64 2.1.1 15.52 110.89 126.41 OK
r-patched-solaris-x86 2.1.1 245.90 NOTE
r-release-linux-x86_64 2.1.1 12.03 106.20 118.23 OK
r-release-windows-ix86+x86_64 2.1.1 22.00 193.00 215.00 OK
r-release-osx-x86_64 2.1.1 NOTE
r-oldrel-windows-ix86+x86_64 2.1.1 33.00 194.00 227.00 OK
r-oldrel-osx-x86_64 2.0 NOTE

Check Details

Version: 2.1.1
Check: dependencies in R code
Result: NOTE
    Namespaces in Imports field not imported from:
     ‘BurStFin’ ‘MASS’ ‘fAssets’ ‘timeDate’
     All declared Imports should be used.
Flavors: r-devel-linux-x86_64-fedora-clang, r-devel-linux-x86_64-fedora-gcc, r-patched-solaris-x86, r-release-osx-x86_64

Version: 2.0
Check: dependencies in R code
Result: NOTE
    Namespaces in Imports field not imported from:
     ‘BurStFin’ ‘MASS’ ‘fAssets’ ‘timeDate’
     All declared Imports should be used.
Flavor: r-oldrel-osx-x86_64