Last updated on 2019-04-22 01:47:44 CEST.
Flavor | Version | Tinstall | Tcheck | Ttotal | Status | Flags |
---|---|---|---|---|---|---|
r-devel-linux-x86_64-debian-clang | 1.1 | 18.16 | 85.74 | 103.90 | OK | |
r-devel-linux-x86_64-debian-gcc | 1.1 | 14.17 | 63.09 | 77.26 | OK | |
r-devel-linux-x86_64-fedora-clang | 1.1 | 128.03 | OK | |||
r-devel-linux-x86_64-fedora-gcc | 1.1 | 125.10 | OK | |||
r-devel-windows-ix86+x86_64 | 1.1 | 46.00 | 162.00 | 208.00 | OK | |
r-patched-linux-x86_64 | 1.1 | 17.33 | 85.00 | 102.33 | OK | |
r-patched-solaris-x86 | 1.1 | 175.50 | OK | |||
r-release-linux-x86_64 | 1.1 | 16.60 | 82.92 | 99.52 | OK | |
r-release-windows-ix86+x86_64 | 1.1 | 37.00 | 131.00 | 168.00 | OK | |
r-release-osx-x86_64 | 1.1 | OK | ||||
r-oldrel-windows-ix86+x86_64 | 0.0.1 | 33.00 | 125.00 | 158.00 | OK | |
r-oldrel-osx-x86_64 | 1.1 | ERROR |
Version: 1.1
Check: whether package can be installed
Result: ERROR
Installation failed.
Flavor: r-oldrel-osx-x86_64