CRAN Package Check Results for Package KDViz

Last updated on 2019-04-22 01:47:44 CEST.

Flavor Version Tinstall Tcheck Ttotal Status Flags
r-devel-linux-x86_64-debian-clang 1.3.1 4.08 93.84 97.92 OK
r-devel-linux-x86_64-debian-gcc 1.3.1 3.56 70.96 74.52 OK
r-devel-linux-x86_64-fedora-clang 1.3.1 113.80 NOTE
r-devel-linux-x86_64-fedora-gcc 1.3.1 114.57 NOTE
r-devel-windows-ix86+x86_64 1.3.1 13.00 138.00 151.00 OK
r-patched-linux-x86_64 1.3.1 4.36 74.57 78.93 OK
r-patched-solaris-x86 1.3.1 235.60 NOTE
r-release-linux-x86_64 1.3.1 2.89 71.24 74.13 OK
r-release-windows-ix86+x86_64 1.3.1 5.00 103.00 108.00 OK
r-release-osx-x86_64 1.3.1 NOTE
r-oldrel-windows-ix86+x86_64 1.3.1 9.00 143.00 152.00 OK
r-oldrel-osx-x86_64 1.3.1 NOTE

Check Details

Version: 1.3.1
Check: data for non-ASCII characters
Result: NOTE
     Note: found 11 marked UTF-8 strings
Flavors: r-devel-linux-x86_64-fedora-clang, r-devel-linux-x86_64-fedora-gcc, r-patched-solaris-x86, r-release-osx-x86_64, r-oldrel-osx-x86_64