CRAN Package Check Results for Package LEANR

Last updated on 2019-04-22 01:47:45 CEST.

Flavor Version Tinstall Tcheck Ttotal Status Flags
r-devel-linux-x86_64-debian-clang 1.4.9 8.19 145.90 154.09 OK
r-devel-linux-x86_64-debian-gcc 1.4.9 6.81 110.64 117.45 OK
r-devel-linux-x86_64-fedora-clang 1.4.9 172.18 OK
r-devel-linux-x86_64-fedora-gcc 1.4.9 176.32 OK
r-devel-windows-ix86+x86_64 1.4.9 16.00 213.00 229.00 NOTE
r-patched-linux-x86_64 1.4.9 8.46 144.04 152.50 OK
r-patched-solaris-x86 1.4.9 230.70 OK
r-release-linux-x86_64 1.4.9 5.32 158.89 164.21 OK
r-release-windows-ix86+x86_64 1.4.9 10.00 184.00 194.00 NOTE
r-release-osx-x86_64 1.4.9 OK
r-oldrel-windows-ix86+x86_64 1.4.9 8.00 223.00 231.00 NOTE
r-oldrel-osx-x86_64 1.4.9 OK

Check Details

Version: 1.4.9
Check: package dependencies
Result: NOTE
    Package suggested but not available for checking: 'doMC'
Flavors: r-devel-windows-ix86+x86_64, r-release-windows-ix86+x86_64, r-oldrel-windows-ix86+x86_64