CRAN Package Check Results for Package LogisticDx

Last updated on 2019-04-22 01:47:45 CEST.

Flavor Version Tinstall Tcheck Ttotal Status Flags
r-devel-linux-x86_64-debian-clang 0.2 11.44 113.30 124.74 OK
r-devel-linux-x86_64-debian-gcc 0.2 8.71 86.57 95.28 OK
r-devel-linux-x86_64-fedora-clang 0.2 142.37 OK
r-devel-linux-x86_64-fedora-gcc 0.2 145.08 OK
r-devel-windows-ix86+x86_64 0.2 29.00 164.00 193.00 OK
r-patched-linux-x86_64 0.2 11.51 109.38 120.89 OK
r-patched-solaris-x86 0.2 210.20 OK
r-release-linux-x86_64 0.2 6.68 103.31 109.99 OK
r-release-windows-ix86+x86_64 0.2 15.00 122.00 137.00 OK
r-release-osx-x86_64 0.2 OK
r-oldrel-windows-ix86+x86_64 0.2 25.00 159.00 184.00 OK
r-oldrel-osx-x86_64 0.2 WARN

Check Details

Version: 0.2
Check: re-building of vignette outputs
Result: WARN
    Error in re-building vignettes:
     ...
    Warning: running command 'kpsewhich framed.sty' had status 1
    Warning in test_latex_pkg("framed", system.file("misc", "framed.sty", package = "knitr")) :
     unable to find LaTeX package 'framed'; will use a copy from knitr
    Error in texi2dvi(file = file, pdf = TRUE, clean = clean, quiet = quiet, :
     Running 'texi2dvi' on 'plotGlm.tex' failed.
    LaTeX errors:
    ! LaTeX Error: File `morefloats.sty' not found.
    
    Type X to quit or <RETURN> to proceed,
    or enter new name. (Default extension: sty)
    
    ! Emergency stop.
    <read *>
    
    l.67 \usepackage
     [section]{placeins}^^M
    ! ==> Fatal error occurred, no output PDF file produced!
    Calls: buildVignettes -> texi2pdf -> texi2dvi
    Execution halted
Flavor: r-oldrel-osx-x86_64