Last updated on 2019-04-22 01:47:46 CEST.
Flavor | Version | Tinstall | Tcheck | Ttotal | Status | Flags |
---|---|---|---|---|---|---|
r-devel-linux-x86_64-debian-clang | 1.0.1 | 6.54 | 63.85 | 70.39 | OK | |
r-devel-linux-x86_64-debian-gcc | 1.0.1 | 4.64 | 49.97 | 54.61 | OK | |
r-devel-linux-x86_64-fedora-clang | 1.0.1 | 84.21 | NOTE | |||
r-devel-linux-x86_64-fedora-gcc | 1.0.1 | 81.00 | OK | |||
r-devel-windows-ix86+x86_64 | 1.0.1 | 17.00 | 90.00 | 107.00 | NOTE | |
r-patched-linux-x86_64 | 1.0.1 | 5.32 | 65.08 | 70.40 | OK | |
r-patched-solaris-x86 | 1.0.1 | 108.00 | NOTE | |||
r-release-linux-x86_64 | 1.0.1 | 3.71 | 63.51 | 67.22 | OK | |
r-release-windows-ix86+x86_64 | 1.0.1 | 12.00 | 93.00 | 105.00 | NOTE | |
r-release-osx-x86_64 | 1.0.1 | NOTE | ||||
r-oldrel-windows-ix86+x86_64 | 1.0.1 | 9.00 | 103.00 | 112.00 | NOTE | |
r-oldrel-osx-x86_64 | 1.0.1 | NOTE |
Version: 1.0.1
Check: installed package size
Result: NOTE
installed size is 7.6Mb
sub-directories of 1Mb or more:
doc 1.9Mb
extdata 5.3Mb
Flavors: r-devel-linux-x86_64-fedora-clang, r-devel-windows-ix86+x86_64, r-patched-solaris-x86, r-release-windows-ix86+x86_64, r-release-osx-x86_64, r-oldrel-windows-ix86+x86_64, r-oldrel-osx-x86_64