CRAN Package Check Results for Package MFKnockoffs

Last updated on 2019-04-22 01:47:47 CEST.

Flavor Version Tinstall Tcheck Ttotal Status Flags
r-devel-linux-x86_64-debian-clang 0.9.1 2.58 959.21 961.79 OK
r-devel-linux-x86_64-debian-gcc 0.9.1 1.93 688.70 690.63 OK
r-devel-linux-x86_64-fedora-clang 0.9.1 1175.00 OK
r-devel-linux-x86_64-fedora-gcc 0.9.1 1232.11 OK
r-devel-windows-ix86+x86_64 0.9.1 8.00 1123.00 1131.00 NOTE
r-patched-linux-x86_64 0.9.1 3.01 738.66 741.67 OK
r-patched-solaris-x86 0.9.1 3111.60 OK
r-release-linux-x86_64 0.9.1 2.09 712.75 714.84 OK
r-release-windows-ix86+x86_64 0.9.1 4.00 938.00 942.00 NOTE
r-release-osx-x86_64 0.9.1 FAIL
r-oldrel-windows-ix86+x86_64 0.9.1 3.00 1202.00 1205.00 NOTE
r-oldrel-osx-x86_64 0.9.1 OK

Check Details

Version: 0.9.1
Check: package dependencies
Result: NOTE
    Package suggested but not available for checking: 'doMC'
Flavors: r-devel-windows-ix86+x86_64, r-release-windows-ix86+x86_64, r-oldrel-windows-ix86+x86_64

Version: 0.9.1
Check: re-building of vignette outputs
Result: WARN
    Error in re-building vignettes:
     ...
    Warning in engine$weave(file, quiet = quiet, encoding = enc) :
     Pandoc (>= 1.12.3) and/or pandoc-citeproc not available. Falling back to R Markdown v1.
    Loading required package: Matrix
    Loading required package: foreach
    Loaded glmnet 2.0-16
    
    
    Execution halted
Flavor: r-release-osx-x86_64

Version: 0.9.1
Check: PDF version of manual
Result: FAIL
    
Flavor: r-release-osx-x86_64