Last updated on 2019-04-22 01:47:48 CEST.
Flavor | Version | Tinstall | Tcheck | Ttotal | Status | Flags |
---|---|---|---|---|---|---|
r-devel-linux-x86_64-debian-clang | 1.7.2 | 37.90 | 68.85 | 106.75 | OK | |
r-devel-linux-x86_64-debian-gcc | 1.7.2 | 31.56 | 54.03 | 85.59 | OK | |
r-devel-linux-x86_64-fedora-clang | 1.7.2 | 141.52 | NOTE | |||
r-devel-linux-x86_64-fedora-gcc | 1.7.2 | 136.63 | OK | |||
r-devel-windows-ix86+x86_64 | 1.7.2 | 85.00 | 119.00 | 204.00 | OK | |
r-patched-linux-x86_64 | 1.7.2 | 37.29 | 69.34 | 106.63 | OK | |
r-patched-solaris-x86 | 1.7.2 | 157.20 | OK | |||
r-release-linux-x86_64 | 1.7.2 | 36.16 | 63.04 | 99.20 | OK | |
r-release-windows-ix86+x86_64 | 1.7.2 | 59.00 | 91.00 | 150.00 | OK | |
r-release-osx-x86_64 | 1.7.2 | NOTE | ||||
r-oldrel-windows-ix86+x86_64 | 1.7.2 | 48.00 | 95.00 | 143.00 | OK | |
r-oldrel-osx-x86_64 | 1.7.1 | OK |
Version: 1.7.2
Check: installed package size
Result: NOTE
installed size is 5.6Mb
sub-directories of 1Mb or more:
libs 3.3Mb
Flavors: r-devel-linux-x86_64-fedora-clang, r-release-osx-x86_64