CRAN Package Check Results for Package ODB

Last updated on 2019-04-22 01:47:49 CEST.

Flavor Version Tinstall Tcheck Ttotal Status Flags
r-devel-linux-x86_64-debian-clang 1.1.1 4.40 38.54 42.94 NOTE
r-devel-linux-x86_64-debian-gcc 1.1.1 3.69 30.64 34.33 NOTE
r-devel-linux-x86_64-fedora-clang 1.1.1 50.97 NOTE
r-devel-linux-x86_64-fedora-gcc 1.1.1 50.15 NOTE
r-devel-windows-ix86+x86_64 1.1.1 13.00 75.00 88.00 NOTE
r-patched-linux-x86_64 1.1.1 4.58 38.36 42.94 NOTE
r-patched-solaris-x86 1.1.1 70.50 NOTE
r-release-linux-x86_64 1.1.1 3.36 36.86 40.22 NOTE
r-release-windows-ix86+x86_64 1.1.1 7.00 85.00 92.00 NOTE
r-release-osx-x86_64 1.1.1 NOTE
r-oldrel-windows-ix86+x86_64 1.1.1 6.00 85.00 91.00 NOTE
r-oldrel-osx-x86_64 1.1.1 NOTE

Check Details

Version: 1.1.1
Check: dependencies in R code
Result: NOTE
    Packages in Depends field not imported from:
     'DBI' 'RJDBC' 'methods'
     These packages need to be imported from (in the NAMESPACE file)
     for when this namespace is loaded but not attached.
Flavors: r-devel-linux-x86_64-debian-clang, r-devel-linux-x86_64-debian-gcc, r-devel-linux-x86_64-fedora-clang, r-devel-linux-x86_64-fedora-gcc, r-devel-windows-ix86+x86_64, r-patched-linux-x86_64, r-patched-solaris-x86, r-release-linux-x86_64, r-release-windows-ix86+x86_64, r-release-osx-x86_64, r-oldrel-windows-ix86+x86_64, r-oldrel-osx-x86_64

Version: 1.1.1
Check: R code for possible problems
Result: NOTE
    isClosed: no visible global function definition for 'dbSendUpdate'
    odb.close: no visible global function definition for 'is'
    odb.close: no visible global function definition for 'validObject'
    odb.close: no visible global function definition for 'dbSendUpdate'
    odb.close: no visible global function definition for 'dbDisconnect'
    odb.comments: no visible global function definition for 'is'
    odb.comments: no visible global function definition for 'validObject'
    odb.comments<-: no visible global function definition for 'is'
    odb.comments<-: no visible global function definition for 'validObject'
    odb.export: no visible global function definition for 'is'
    odb.export: no visible global function definition for 'validObject'
    odb.insert: no visible global function definition for 'is'
    odb.insert: no visible global function definition for 'validObject'
    odb.insert: no visible global function definition for 'dbSendQuery'
    odb.insert: no visible global function definition for 'dbColumnInfo'
    odb.open: no visible global function definition for 'unzip'
    odb.open: no visible global function definition for 'JDBC'
    odb.open: no visible global function definition for 'dbConnect'
    odb.open: no visible global function definition for 'new'
    odb.queries: no visible global function definition for 'is'
    odb.queries: no visible global function definition for 'validObject'
    odb.queries<-: no visible global function definition for 'is'
    odb.queries<-: no visible global function definition for 'validObject'
    odb.read: no visible global function definition for 'is'
    odb.read: no visible global function definition for 'validObject'
    odb.read: no visible global function definition for 'dbSendQuery'
    odb.read: no visible global function definition for 'fetch'
    odb.read: no visible global function definition for 'dbColumnInfo'
    odb.tables: no visible global function definition for 'is'
    odb.tables: no visible global function definition for 'validObject'
    odb.tables: no visible global function definition for 'dbListTables'
    odb.tables: no visible global function definition for 'dbSendQuery'
    odb.tables: no visible global function definition for 'dbColumnInfo'
    odb.write: no visible global function definition for 'is'
    odb.write: no visible global function definition for 'validObject'
    odb.write: no visible global function definition for 'new'
    odb.write: no visible global function definition for 'dbSendUpdate'
    set,progress.console: no visible global function definition for 'tail'
    set,progress.console: no visible global function definition for
     'flush.console'
    set,progress.file: no visible global function definition for
     'flush.console'
    Undefined global functions or variables:
     JDBC dbColumnInfo dbConnect dbDisconnect dbListTables dbSendQuery
     dbSendUpdate fetch flush.console is new tail unzip validObject
    Consider adding
     importFrom("methods", "is", "new", "validObject")
     importFrom("utils", "flush.console", "tail", "unzip")
    to your NAMESPACE file (and ensure that your DESCRIPTION Imports field
    contains 'methods').
Flavors: r-devel-linux-x86_64-debian-clang, r-devel-linux-x86_64-debian-gcc, r-devel-linux-x86_64-fedora-clang, r-devel-linux-x86_64-fedora-gcc, r-devel-windows-ix86+x86_64, r-patched-linux-x86_64, r-patched-solaris-x86, r-release-linux-x86_64, r-release-windows-ix86+x86_64, r-release-osx-x86_64, r-oldrel-windows-ix86+x86_64, r-oldrel-osx-x86_64