Last updated on 2019-04-22 01:47:50 CEST.
Flavor | Version | Tinstall | Tcheck | Ttotal | Status | Flags |
---|---|---|---|---|---|---|
r-devel-linux-x86_64-debian-clang | 0.2 | 7.50 | 55.05 | 62.55 | NOTE | |
r-devel-linux-x86_64-debian-gcc | 0.2 | 5.95 | 41.51 | 47.46 | NOTE | |
r-devel-linux-x86_64-fedora-clang | 0.2 | 72.17 | NOTE | |||
r-devel-linux-x86_64-fedora-gcc | 0.2 | 69.38 | NOTE | |||
r-devel-windows-ix86+x86_64 | 0.2 | 15.00 | 78.00 | 93.00 | NOTE | |
r-patched-linux-x86_64 | 0.2 | 6.41 | 55.02 | 61.43 | NOTE | |
r-patched-solaris-x86 | 0.2 | 90.10 | NOTE | |||
r-release-linux-x86_64 | 0.2 | 5.31 | 51.87 | 57.18 | NOTE | |
r-release-windows-ix86+x86_64 | 0.2 | 9.00 | 59.00 | 68.00 | NOTE | |
r-release-osx-x86_64 | 0.2 | NOTE | ||||
r-oldrel-windows-ix86+x86_64 | 0.2 | 3.00 | 60.00 | 63.00 | NOTE | |
r-oldrel-osx-x86_64 | 0.2 | NOTE |
Version: 0.2
Check: package dependencies
Result: NOTE
Package which this enhances but not available for checking: 'gurobi'
Flavors: r-devel-linux-x86_64-debian-clang, r-devel-linux-x86_64-debian-gcc, r-devel-linux-x86_64-fedora-clang, r-devel-linux-x86_64-fedora-gcc, r-devel-windows-ix86+x86_64, r-patched-linux-x86_64, r-patched-solaris-x86, r-release-linux-x86_64, r-release-windows-ix86+x86_64, r-release-osx-x86_64, r-oldrel-windows-ix86+x86_64, r-oldrel-osx-x86_64