Last updated on 2019-04-22 01:47:51 CEST.
Flavor | Version | Tinstall | Tcheck | Ttotal | Status | Flags |
---|---|---|---|---|---|---|
r-devel-linux-x86_64-debian-clang | 2.72.1 | 19.31 | 77.83 | 97.14 | OK | |
r-devel-linux-x86_64-debian-gcc | 2.72.1 | 15.89 | 60.88 | 76.77 | OK | |
r-devel-linux-x86_64-fedora-clang | 2.72.1 | 119.72 | NOTE | |||
r-devel-linux-x86_64-fedora-gcc | 2.72.1 | 117.11 | OK | |||
r-devel-windows-ix86+x86_64 | 2.72.1 | 57.00 | 142.00 | 199.00 | NOTE | |
r-patched-linux-x86_64 | 2.72.1 | 18.20 | 77.84 | 96.04 | OK | |
r-patched-solaris-x86 | 2.72.1 | 158.50 | NOTE | |||
r-release-linux-x86_64 | 2.72.1 | 16.88 | 71.12 | 88.00 | OK | |
r-release-windows-ix86+x86_64 | 2.72.1 | 43.00 | 146.00 | 189.00 | NOTE | |
r-release-osx-x86_64 | 2.72.1 | NOTE | ||||
r-oldrel-windows-ix86+x86_64 | 2.70.5 | 50.00 | 143.00 | 193.00 | NOTE | |
r-oldrel-osx-x86_64 | 2.72.1 | ERROR |
Version: 2.72.1
Check: installed package size
Result: NOTE
installed size is 6.5Mb
sub-directories of 1Mb or more:
data 2.7Mb
doc 1.1Mb
libs 1.2Mb
Flavors: r-devel-linux-x86_64-fedora-clang, r-devel-windows-ix86+x86_64, r-patched-solaris-x86, r-release-windows-ix86+x86_64, r-release-osx-x86_64
Version: 2.70.5
Check: installed package size
Result: NOTE
installed size is 6.4Mb
sub-directories of 1Mb or more:
data 2.7Mb
doc 1.1Mb
libs 1.4Mb
Flavor: r-oldrel-windows-ix86+x86_64
Version: 2.72.1
Check: whether package can be installed
Result: ERROR
Installation failed.
Flavor: r-oldrel-osx-x86_64