CRAN Package Check Results for Package PerformanceAnalytics

Last updated on 2019-04-22 01:47:51 CEST.

Flavor Version Tinstall Tcheck Ttotal Status Flags
r-devel-linux-x86_64-debian-clang 1.5.2 19.17 272.37 291.54 OK
r-devel-linux-x86_64-debian-gcc 1.5.2 16.58 206.55 223.13 OK
r-devel-linux-x86_64-fedora-clang 1.5.2 340.49 OK
r-devel-linux-x86_64-fedora-gcc 1.5.2 334.14 OK
r-devel-windows-ix86+x86_64 1.5.2 47.00 428.00 475.00 OK --no-vignettes
r-patched-linux-x86_64 1.5.2 17.66 266.27 283.93 OK
r-patched-solaris-x86 1.5.2 519.50 OK
r-release-linux-x86_64 1.5.2 18.31 260.68 278.99 NOTE
r-release-windows-ix86+x86_64 1.5.2 34.00 380.00 414.00 OK --no-vignettes
r-release-osx-x86_64 1.5.2 OK
r-oldrel-windows-ix86+x86_64 1.5.2 23.00 412.00 435.00 OK --no-vignettes
r-oldrel-osx-x86_64 1.5.2 OK

Check Details

Version: 1.5.2
Check: S3 generic/method consistency
Result: NOTE
    Found the following apparent S3 methods exported but not registered:
     mean.LCL mean.UCL mean.geometric mean.stderr
    See section ‘Registering S3 methods’ in the ‘Writing R Extensions’
    manual.
Flavor: r-release-linux-x86_64