Last updated on 2019-04-22 01:47:52 CEST.
Flavor | Version | Tinstall | Tcheck | Ttotal | Status | Flags |
---|---|---|---|---|---|---|
r-devel-linux-x86_64-debian-clang | 0.4.0 | 20.99 | 397.34 | 418.33 | OK | |
r-devel-linux-x86_64-debian-gcc | 0.4.0 | 16.79 | 287.78 | 304.57 | OK | |
r-devel-linux-x86_64-fedora-clang | 0.4.0 | 466.21 | NOTE | |||
r-devel-linux-x86_64-fedora-gcc | 0.4.0 | 443.83 | NOTE | |||
r-devel-windows-ix86+x86_64 | 0.4.0 | 39.00 | 494.00 | 533.00 | OK | |
r-patched-linux-x86_64 | 0.4.0 | 19.14 | 382.18 | 401.32 | OK | |
r-patched-solaris-x86 | 0.4.0 | 587.10 | NOTE | |||
r-release-linux-x86_64 | 0.4.0 | 13.17 | 429.67 | 442.84 | OK | |
r-release-windows-ix86+x86_64 | 0.4.0 | 26.00 | 449.00 | 475.00 | OK | |
r-release-osx-x86_64 | 0.4.0 | NOTE | ||||
r-oldrel-windows-ix86+x86_64 | 0.4.0 | 36.00 | 577.00 | 613.00 | OK | |
r-oldrel-osx-x86_64 | 0.4.0 | NOTE |
Version: 0.4.0
Check: dependencies in R code
Result: NOTE
Namespace in Imports field not imported from: ‘tidyr’
All declared Imports should be used.
Flavors: r-devel-linux-x86_64-fedora-clang, r-devel-linux-x86_64-fedora-gcc, r-patched-solaris-x86, r-release-osx-x86_64, r-oldrel-osx-x86_64