Last updated on 2019-04-22 01:47:55 CEST.
Flavor | Version | Tinstall | Tcheck | Ttotal | Status | Flags |
---|---|---|---|---|---|---|
r-devel-linux-x86_64-debian-clang | 3.1-3 | 21.13 | 59.96 | 81.09 | OK | |
r-devel-linux-x86_64-debian-gcc | 3.1-3 | 16.32 | 48.13 | 64.45 | OK | |
r-devel-linux-x86_64-fedora-clang | 3.1-3 | 103.96 | NOTE | |||
r-devel-linux-x86_64-fedora-gcc | 3.1-3 | 98.43 | NOTE | |||
r-devel-windows-ix86+x86_64 | 3.1-3 | 51.00 | 130.00 | 181.00 | OK | |
r-patched-linux-x86_64 | 3.1-3 | 18.28 | 60.97 | 79.25 | OK | |
r-patched-solaris-x86 | 3.1-3 | 138.20 | OK | |||
r-release-linux-x86_64 | 3.1-3 | 18.16 | 58.11 | 76.27 | OK | |
r-release-windows-ix86+x86_64 | 3.1-3 | 33.00 | 135.00 | 168.00 | OK | |
r-release-osx-x86_64 | 3.1-3 | OK | ||||
r-oldrel-windows-ix86+x86_64 | 3.1-3 | 30.00 | 135.00 | 165.00 | OK | |
r-oldrel-osx-x86_64 | 3.1-3 | OK |
Version: 3.1-3
Check: compiled code
Result: NOTE
File ‘RLRsim/libs/RLRsim.so’:
Found no calls to: ‘R_registerRoutines’, ‘R_useDynamicSymbols’
It is good practice to register native routines and to disable symbol
search.
See ‘Writing portable packages’ in the ‘Writing R Extensions’ manual.
Flavors: r-devel-linux-x86_64-fedora-clang, r-devel-linux-x86_64-fedora-gcc