CRAN Package Check Results for Package RLumModel

Last updated on 2019-04-22 01:47:55 CEST.

Flavor Version Tinstall Tcheck Ttotal Status Flags
r-devel-linux-x86_64-debian-clang 0.2.3 38.15 240.56 278.71 OK
r-devel-linux-x86_64-debian-gcc 0.2.3 34.51 175.28 209.79 OK
r-devel-linux-x86_64-fedora-clang 0.2.3 379.99 OK
r-devel-linux-x86_64-fedora-gcc 0.2.3 OK
r-devel-windows-ix86+x86_64 0.2.3 92.00 375.00 467.00 OK
r-patched-linux-x86_64 0.2.3 38.09 237.04 275.13 OK
r-patched-solaris-x86 0.2.3 360.20 WARN
r-release-linux-x86_64 0.2.3 38.81 231.74 270.55 OK
r-release-windows-ix86+x86_64 0.2.3 70.00 309.00 379.00 OK
r-release-osx-x86_64 0.2.3 OK
r-oldrel-windows-ix86+x86_64 0.2.3 99.00 397.00 496.00 OK
r-oldrel-osx-x86_64 0.2.3 OK

Additional issues

ATLAS

Check Details

Version: 0.2.3
Check: re-building of vignette outputs
Result: WARN
    Error(s) in re-building vignettes:
     ...
    --- re-building ‘RLumModel_-_Getting_started_with_RLumModel.Rmd’ using rmarkdown
    Warning in engine$weave(file, quiet = quiet, encoding = enc) :
     Pandoc (>= 1.12.3) and/or pandoc-citeproc not available. Falling back to R Markdown v1.
    Loading required package: Luminescence
    Loading required package: magrittr
    Welcome to the R package Luminescence version 0.9.0.110 [Built: 2019-04-21 17:19:29 UTC]
    Fast component to slow component: 'Life is short!'
    
    Attaching package: 'RLumModel'
    
    The following object is masked from 'package:Luminescence':
    
     model_LuminescenceSignals
    
    --- finished re-building ‘RLumModel_-_Getting_started_with_RLumModel.Rmd’
    
    --- re-building ‘RLumModel_-_Simulating_luminescence_in_Al2O3.Rmd’ using rmarkdown
    Warning in engine$weave(file, quiet = quiet, encoding = enc) :
     Pandoc (>= 1.12.3) and/or pandoc-citeproc not available. Falling back to R Markdown v1.
    Loading required package: Luminescence
    Loading required package: magrittr
    Welcome to the R package Luminescence version 0.9.0.110 [Built: 2019-04-21 17:19:29 UTC]
    An arctic sediment outcrop: 'Marmor, Stein und Eisen bricht...'
    
    Attaching package: 'RLumModel'
    
    The following object is masked from 'package:Luminescence':
    
     model_LuminescenceSignals
    
    Quitting from lines 125-154 (RLumModel_-_Simulating_luminescence_in_Al2O3.Rmd)
    Error: processing vignette 'RLumModel_-_Simulating_luminescence_in_Al2O3.Rmd' failed with diagnostics:
    subscript out of bounds
    --- failed re-building ‘RLumModel_-_Simulating_luminescence_in_Al2O3.Rmd’
    
    --- re-building ‘RLumModel_-_Using_own_parameter_sets.Rmd’ using rmarkdown
    Warning in engine$weave(file, quiet = quiet, encoding = enc) :
     Pandoc (>= 1.12.3) and/or pandoc-citeproc not available. Falling back to R Markdown v1.
    Loading required package: Luminescence
    Loading required package: magrittr
    Welcome to the R package Luminescence version 0.9.0.110 [Built: 2019-04-21 17:19:29 UTC]
    A trapped electron to a yellow LED: 'Well, that's all you've got?'
    
    Attaching package: 'RLumModel'
    
    The following object is masked from 'package:Luminescence':
    
     model_LuminescenceSignals
    
    --- finished re-building ‘RLumModel_-_Using_own_parameter_sets.Rmd’
    
    SUMMARY: processing the following file failed:
     ‘RLumModel_-_Simulating_luminescence_in_Al2O3.Rmd’
    
    Error: Vignette re-building failed.
    Execution halted
Flavor: r-patched-solaris-x86