Last updated on 2019-04-22 01:47:56 CEST.
Flavor | Version | Tinstall | Tcheck | Ttotal | Status | Flags |
---|---|---|---|---|---|---|
r-devel-linux-x86_64-debian-clang | 0.4.13 | 221.98 | 131.30 | 353.28 | OK | |
r-devel-linux-x86_64-debian-gcc | 0.4.13 | 172.54 | 104.15 | 276.69 | OK | |
r-devel-linux-x86_64-fedora-clang | 0.4.13 | 516.06 | NOTE | |||
r-devel-linux-x86_64-fedora-gcc | 0.4.13 | 467.89 | OK | |||
r-devel-windows-ix86+x86_64 | 0.4.13 | 653.00 | 256.00 | 909.00 | NOTE | |
r-patched-linux-x86_64 | 0.4.13 | 203.57 | 129.71 | 333.28 | OK | |
r-release-linux-x86_64 | 0.4.13 | 206.45 | 122.02 | 328.47 | OK | |
r-release-windows-ix86+x86_64 | 0.4.13 | 511.00 | 223.00 | 734.00 | NOTE | |
r-release-osx-x86_64 | 0.4.13 | NOTE | ||||
r-oldrel-windows-ix86+x86_64 | 0.4.13 | 487.00 | 255.00 | 742.00 | NOTE | |
r-oldrel-osx-x86_64 | 0.4.13 | ERROR |
Version: 0.4.13
Check: installed package size
Result: NOTE
installed size is 9.5Mb
sub-directories of 1Mb or more:
doc 1.1Mb
libs 7.4Mb
Flavors: r-devel-linux-x86_64-fedora-clang, r-devel-windows-ix86+x86_64, r-release-windows-ix86+x86_64, r-release-osx-x86_64, r-oldrel-windows-ix86+x86_64
Version: 0.4.13
Check: whether package can be installed
Result: ERROR
Installation failed.
Flavor: r-oldrel-osx-x86_64