Last updated on 2019-04-22 01:47:57 CEST.
Flavor | Version | Tinstall | Tcheck | Ttotal | Status | Flags |
---|---|---|---|---|---|---|
r-devel-linux-x86_64-debian-clang | 2.4.2 | 5.69 | 34.98 | 40.67 | OK | |
r-devel-linux-x86_64-debian-gcc | 2.4.2 | 4.11 | 28.04 | 32.15 | OK | |
r-devel-linux-x86_64-fedora-clang | 2.4.2 | 48.11 | NOTE | |||
r-devel-linux-x86_64-fedora-gcc | 2.4.2 | 46.24 | NOTE | |||
r-devel-windows-ix86+x86_64 | 2.4.2 | 15.00 | 79.00 | 94.00 | OK | |
r-patched-linux-x86_64 | 2.4.2 | 5.21 | 34.67 | 39.88 | OK | |
r-patched-solaris-x86 | 2.4.2 | 85.60 | OK | |||
r-release-linux-x86_64 | 2.4.2 | 4.07 | 33.14 | 37.21 | OK | |
r-release-windows-ix86+x86_64 | 2.4.2 | 9.00 | 80.00 | 89.00 | OK | |
r-release-osx-x86_64 | 2.4.2 | OK | ||||
r-oldrel-windows-ix86+x86_64 | 2.4.2 | 9.00 | 75.00 | 84.00 | OK | |
r-oldrel-osx-x86_64 | 2.4.2 | OK |
Version: 2.4.2
Check: compiled code
Result: NOTE
File ‘RSKC/libs/RSKC.so’:
Found no calls to: ‘R_registerRoutines’, ‘R_useDynamicSymbols’
It is good practice to register native routines and to disable symbol
search.
See ‘Writing portable packages’ in the ‘Writing R Extensions’ manual.
Flavors: r-devel-linux-x86_64-fedora-clang, r-devel-linux-x86_64-fedora-gcc