Last updated on 2019-04-22 01:47:54 CEST.
Flavor | Version | Tinstall | Tcheck | Ttotal | Status | Flags |
---|---|---|---|---|---|---|
r-devel-linux-x86_64-debian-clang | 0.2.8 | 45.05 | 28.68 | 73.73 | OK | |
r-devel-linux-x86_64-debian-gcc | 0.2.8 | 37.56 | 23.33 | 60.89 | OK | |
r-devel-linux-x86_64-fedora-clang | 0.2.8 | 103.65 | OK | |||
r-devel-linux-x86_64-fedora-gcc | 0.2.8 | 98.28 | OK | |||
r-devel-windows-ix86+x86_64 | 0.2.8 | 87.00 | 108.00 | 195.00 | NOTE | |
r-patched-linux-x86_64 | 0.2.8 | 42.64 | 28.80 | 71.44 | OK | |
r-patched-solaris-x86 | 0.2.8 | 150.00 | OK | |||
r-release-linux-x86_64 | 0.2.8 | 43.46 | 27.39 | 70.85 | OK | |
r-release-windows-ix86+x86_64 | 0.2.8 | 69.00 | 93.00 | 162.00 | NOTE | |
r-release-osx-x86_64 | 0.2.8 | OK | ||||
r-oldrel-windows-ix86+x86_64 | 0.2.8 | 70.00 | 105.00 | 175.00 | NOTE | |
r-oldrel-osx-x86_64 | 0.2.8 | OK |
Version: 0.2.8
Check: installed package size
Result: NOTE
installed size is 6.2Mb
sub-directories of 1Mb or more:
libs 5.3Mb
Flavors: r-devel-windows-ix86+x86_64, r-release-windows-ix86+x86_64, r-oldrel-windows-ix86+x86_64