Last updated on 2019-04-22 01:47:54 CEST.
Flavor | Version | Tinstall | Tcheck | Ttotal | Status | Flags |
---|---|---|---|---|---|---|
r-devel-linux-x86_64-debian-clang | 0.3.3.5.0 | 68.74 | 352.70 | 421.44 | OK | |
r-devel-linux-x86_64-debian-gcc | 0.3.3.5.0 | 64.14 | 258.33 | 322.47 | OK | |
r-devel-linux-x86_64-fedora-clang | 0.3.3.5.0 | 542.35 | NOTE | |||
r-devel-linux-x86_64-fedora-gcc | 0.3.3.5.0 | 504.48 | OK | |||
r-devel-windows-ix86+x86_64 | 0.3.3.5.0 | 154.00 | 695.00 | 849.00 | NOTE | |
r-patched-linux-x86_64 | 0.3.3.5.0 | 80.31 | 342.98 | 423.29 | OK | |
r-patched-solaris-x86 | 0.3.3.5.0 | 467.70 | NOTE | |||
r-release-linux-x86_64 | 0.3.3.5.0 | 71.22 | 340.62 | 411.84 | OK | |
r-release-windows-ix86+x86_64 | 0.3.3.5.0 | 117.00 | 729.00 | 846.00 | NOTE | |
r-release-osx-x86_64 | 0.3.3.5.0 | NOTE | ||||
r-oldrel-windows-ix86+x86_64 | 0.3.3.5.0 | 118.00 | 739.00 | 857.00 | NOTE | |
r-oldrel-osx-x86_64 | 0.3.3.5.0 | NOTE |
Version: 0.3.3.5.0
Check: installed package size
Result: NOTE
installed size is 32.1Mb
sub-directories of 1Mb or more:
include 7.9Mb
libs 23.5Mb
Flavors: r-devel-linux-x86_64-fedora-clang, r-devel-windows-ix86+x86_64, r-patched-solaris-x86, r-release-windows-ix86+x86_64, r-release-osx-x86_64, r-oldrel-windows-ix86+x86_64, r-oldrel-osx-x86_64