CRAN Package Check Results for Package RcppNumerical

Last updated on 2019-04-22 01:47:54 CEST.

Flavor Version Tinstall Tcheck Ttotal Status Flags
r-devel-linux-x86_64-debian-clang 0.3-2 29.74 104.72 134.46 OK
r-devel-linux-x86_64-debian-gcc 0.3-2 28.87 88.80 117.67 OK
r-devel-linux-x86_64-fedora-clang 0.3-2 180.73 NOTE
r-devel-linux-x86_64-fedora-gcc 0.3-2 187.19 OK
r-devel-windows-ix86+x86_64 0.3-2 84.00 168.00 252.00 OK
r-patched-linux-x86_64 0.3-2 32.23 115.23 147.46 OK
r-patched-solaris-x86 0.3-2 194.70 OK
r-release-linux-x86_64 0.3-2 34.25 113.99 148.24 OK
r-release-windows-ix86+x86_64 0.3-2 69.00 146.00 215.00 OK
r-release-osx-x86_64 0.3-2 NOTE
r-oldrel-windows-ix86+x86_64 0.3-2 63.00 192.00 255.00 OK
r-oldrel-osx-x86_64 0.3-2 NOTE

Check Details

Version: 0.3-2
Check: installed package size
Result: NOTE
     installed size is 5.3Mb
     sub-directories of 1Mb or more:
     libs 4.8Mb
Flavors: r-devel-linux-x86_64-fedora-clang, r-release-osx-x86_64, r-oldrel-osx-x86_64