Last updated on 2019-04-22 01:47:54 CEST.
Flavor | Version | Tinstall | Tcheck | Ttotal | Status | Flags |
---|---|---|---|---|---|---|
r-devel-linux-x86_64-debian-clang | 4.4.2 | 34.31 | 69.39 | 103.70 | NOTE | |
r-devel-linux-x86_64-debian-gcc | 4.4.2 | 44.93 | 48.83 | 93.76 | NOTE | |
r-devel-linux-x86_64-fedora-clang | 4.4.2 | 144.48 | NOTE | |||
r-devel-linux-x86_64-fedora-gcc | 4.4.2 | 159.36 | NOTE | |||
r-devel-windows-ix86+x86_64 | 4.4.2 | 304.00 | 176.00 | 480.00 | NOTE | |
r-patched-linux-x86_64 | 4.4.2 | 55.48 | 65.35 | 120.83 | NOTE | |
r-patched-solaris-x86 | 4.4.2 | 215.80 | NOTE | |||
r-release-linux-x86_64 | 4.4.2 | 56.10 | 64.54 | 120.64 | NOTE | |
r-release-windows-ix86+x86_64 | 4.4.2 | 209.00 | 149.00 | 358.00 | NOTE | |
r-release-osx-x86_64 | 4.4.2 | NOTE | ||||
r-oldrel-windows-ix86+x86_64 | 4.4.2 | 207.00 | 199.00 | 406.00 | NOTE | |
r-oldrel-osx-x86_64 | 4.4.2 | NOTE |
Version: 4.4.2
Check: for GNU extensions in Makefiles
Result: NOTE
GNU make is a SystemRequirements.
Flavors: r-devel-linux-x86_64-debian-clang, r-devel-linux-x86_64-debian-gcc, r-devel-linux-x86_64-fedora-clang, r-devel-linux-x86_64-fedora-gcc, r-devel-windows-ix86+x86_64, r-patched-linux-x86_64, r-patched-solaris-x86, r-release-linux-x86_64, r-release-windows-ix86+x86_64, r-release-osx-x86_64, r-oldrel-windows-ix86+x86_64, r-oldrel-osx-x86_64
Version: 4.4.2
Check: compilation flags used
Result: NOTE
Compilation used the following non-portable flag(s):
‘-mrtm’
Flavors: r-devel-linux-x86_64-debian-gcc, r-devel-linux-x86_64-fedora-gcc, r-patched-linux-x86_64
Version: 4.4.2
Check: installed package size
Result: NOTE
installed size is 11.9Mb
sub-directories of 1Mb or more:
include 1.9Mb
lib 8.9Mb
libs 1.0Mb
Flavors: r-devel-windows-ix86+x86_64, r-release-windows-ix86+x86_64, r-oldrel-windows-ix86+x86_64