CRAN Package Check Results for Package Rphylopars

Last updated on 2019-04-22 01:47:56 CEST.

Flavor Version Tinstall Tcheck Ttotal Status Flags
r-devel-linux-x86_64-debian-clang 0.2.9 54.79 95.44 150.23 OK
r-devel-linux-x86_64-debian-gcc 0.2.9 43.44 73.33 116.77 OK
r-devel-linux-x86_64-fedora-clang 0.2.9 191.99 NOTE
r-devel-linux-x86_64-fedora-gcc 0.2.9 178.47 NOTE
r-devel-windows-ix86+x86_64 0.2.9 133.00 202.00 335.00 OK
r-patched-linux-x86_64 0.2.9 54.13 93.59 147.72 OK
r-patched-solaris-x86 0.2.9 234.30 OK
r-release-linux-x86_64 0.2.9 49.27 88.89 138.16 OK
r-release-windows-ix86+x86_64 0.2.9 90.00 155.00 245.00 OK
r-release-osx-x86_64 0.2.9 OK
r-oldrel-windows-ix86+x86_64 0.2.9 113.00 230.00 343.00 OK
r-oldrel-osx-x86_64 0.2.9 OK

Check Details

Version: 0.2.9
Check: compiled code
Result: NOTE
    File ‘Rphylopars/libs/Rphylopars.so’:
     Found no calls to: ‘R_registerRoutines’, ‘R_useDynamicSymbols’
    
    It is good practice to register native routines and to disable symbol
    search.
    
    See ‘Writing portable packages’ in the ‘Writing R Extensions’ manual.
Flavors: r-devel-linux-x86_64-fedora-clang, r-devel-linux-x86_64-fedora-gcc