Last updated on 2019-04-22 01:47:57 CEST.
Flavor | Version | Tinstall | Tcheck | Ttotal | Status | Flags |
---|---|---|---|---|---|---|
r-devel-linux-x86_64-debian-clang | 1.0 | 17.32 | 109.99 | 127.31 | OK | |
r-devel-linux-x86_64-debian-gcc | 1.0 | 14.06 | 83.01 | 97.07 | OK | |
r-devel-linux-x86_64-fedora-clang | 1.0 | 146.70 | OK | |||
r-devel-linux-x86_64-fedora-gcc | 1.0 | 142.00 | OK | |||
r-devel-windows-ix86+x86_64 | 1.0 | 40.00 | 215.00 | 255.00 | NOTE | |
r-patched-linux-x86_64 | 1.0 | 15.01 | 106.54 | 121.55 | OK | |
r-patched-solaris-x86 | 1.0 | 228.50 | OK | |||
r-release-linux-x86_64 | 1.0 | 14.19 | 99.99 | 114.18 | OK | |
r-release-windows-ix86+x86_64 | 1.0 | 25.00 | 216.00 | 241.00 | OK | |
r-release-osx-x86_64 | 1.0 | OK | ||||
r-oldrel-windows-ix86+x86_64 | 1.0 | 33.00 | 224.00 | 257.00 | OK | |
r-oldrel-osx-x86_64 | 1.0 | OK |
Version: 1.0
Check: whether package can be installed
Result: NOTE
Found the following notes/warnings:
Non-staged installation was used
Flavor: r-devel-windows-ix86+x86_64