Last updated on 2019-04-22 01:47:57 CEST.
Flavor | Version | Tinstall | Tcheck | Ttotal | Status | Flags |
---|---|---|---|---|---|---|
r-devel-linux-x86_64-debian-clang | 1.0.1 | 5.55 | 37.33 | 42.88 | OK | |
r-devel-linux-x86_64-debian-gcc | 1.0.1 | 4.69 | 30.03 | 34.72 | OK | |
r-devel-linux-x86_64-fedora-clang | 1.0.1 | 50.19 | NOTE | |||
r-devel-linux-x86_64-fedora-gcc | 1.0.1 | 48.50 | NOTE | |||
r-devel-windows-ix86+x86_64 | 1.0.1 | 12.00 | 95.00 | 107.00 | OK | |
r-patched-linux-x86_64 | 1.0.1 | 4.95 | 37.97 | 42.92 | OK | |
r-patched-solaris-x86 | 1.0.1 | 81.10 | OK | |||
r-release-linux-x86_64 | 1.0.1 | 4.42 | 33.77 | 38.19 | OK | |
r-release-windows-ix86+x86_64 | 1.0.1 | 8.00 | 69.00 | 77.00 | OK | |
r-release-osx-x86_64 | 1.0.1 | OK | ||||
r-oldrel-windows-ix86+x86_64 | 1.0.1 | 6.00 | 119.00 | 125.00 | OK | |
r-oldrel-osx-x86_64 | 1.0.1 | OK |
Version: 1.0.1
Check: compiled code
Result: NOTE
File ‘SDDE/libs/SDDE.so’:
Found no calls to: ‘R_registerRoutines’, ‘R_useDynamicSymbols’
It is good practice to register native routines and to disable symbol
search.
See ‘Writing portable packages’ in the ‘Writing R Extensions’ manual.
Flavors: r-devel-linux-x86_64-fedora-clang, r-devel-linux-x86_64-fedora-gcc