Last updated on 2019-04-22 01:47:57 CEST.
Flavor | Version | Tinstall | Tcheck | Ttotal | Status | Flags |
---|---|---|---|---|---|---|
r-devel-linux-x86_64-debian-clang | 1.0 | 2.55 | 23.03 | 25.58 | NOTE | |
r-devel-linux-x86_64-debian-gcc | 1.0 | 2.03 | 19.25 | 21.28 | NOTE | |
r-devel-linux-x86_64-fedora-clang | 1.0 | 31.60 | NOTE | |||
r-devel-linux-x86_64-fedora-gcc | 1.0 | 30.22 | NOTE | |||
r-devel-windows-ix86+x86_64 | 1.0 | 8.00 | 43.00 | 51.00 | OK | |
r-patched-linux-x86_64 | 1.0 | 2.37 | 23.14 | 25.51 | NOTE | |
r-patched-solaris-x86 | 1.0 | 52.10 | NOTE | |||
r-release-linux-x86_64 | 1.0 | 1.61 | 20.58 | 22.19 | NOTE | |
r-release-windows-ix86+x86_64 | 1.0 | 3.00 | 45.00 | 48.00 | OK | |
r-release-osx-x86_64 | 1.0 | NOTE | ||||
r-oldrel-windows-ix86+x86_64 | 1.0 | 3.00 | 46.00 | 49.00 | OK | |
r-oldrel-osx-x86_64 | 1.0 | NOTE |
Version: 1.0
Check: DESCRIPTION meta-information
Result: NOTE
License components which are templates and need '+ file LICENSE':
MIT License
Flavors: r-devel-linux-x86_64-debian-clang, r-devel-linux-x86_64-debian-gcc, r-devel-linux-x86_64-fedora-clang, r-devel-linux-x86_64-fedora-gcc, r-patched-linux-x86_64, r-patched-solaris-x86, r-release-linux-x86_64, r-release-osx-x86_64, r-oldrel-osx-x86_64