Last updated on 2019-04-22 01:47:59 CEST.
Flavor | Version | Tinstall | Tcheck | Ttotal | Status | Flags |
---|---|---|---|---|---|---|
r-devel-linux-x86_64-debian-clang | 0.1-3 | 1.54 | 21.53 | 23.07 | NOTE | |
r-devel-linux-x86_64-debian-gcc | 0.1-3 | 1.38 | 18.06 | 19.44 | NOTE | |
r-devel-linux-x86_64-fedora-clang | 0.1-3 | 28.10 | NOTE | |||
r-devel-linux-x86_64-fedora-gcc | 0.1-3 | 27.38 | NOTE | |||
r-devel-windows-ix86+x86_64 | 0.1-3 | 5.00 | 58.00 | 63.00 | NOTE | |
r-patched-linux-x86_64 | 0.1-3 | 1.73 | 22.14 | 23.87 | NOTE | |
r-patched-solaris-x86 | 0.1-3 | 48.10 | NOTE | |||
r-release-linux-x86_64 | 0.1-3 | 0.96 | 20.71 | 21.67 | NOTE | |
r-release-windows-ix86+x86_64 | 0.1-3 | 3.00 | 55.00 | 58.00 | NOTE | |
r-release-osx-x86_64 | 0.1-3 | NOTE | ||||
r-oldrel-windows-ix86+x86_64 | 0.1-3 | 3.00 | 45.00 | 48.00 | NOTE | |
r-oldrel-osx-x86_64 | 0.1-3 | NOTE |
Version: 0.1-3
Check: for hidden files and directories
Result: NOTE
Found the following hidden files and directories:
.gitignore
These were most likely included in error. See section 'Package
structure' in the 'Writing R Extensions' manual.
Flavors: r-devel-linux-x86_64-debian-clang, r-devel-linux-x86_64-debian-gcc, r-devel-linux-x86_64-fedora-clang, r-devel-linux-x86_64-fedora-gcc, r-devel-windows-ix86+x86_64, r-patched-linux-x86_64, r-patched-solaris-x86, r-release-linux-x86_64, r-release-windows-ix86+x86_64, r-release-osx-x86_64, r-oldrel-windows-ix86+x86_64, r-oldrel-osx-x86_64
Version: 0.1-3
Check: DESCRIPTION meta-information
Result: NOTE
Malformed Title field: should not end in a period.
License components which are templates and need '+ file LICENSE':
MIT
Flavors: r-devel-linux-x86_64-debian-clang, r-devel-linux-x86_64-debian-gcc, r-devel-linux-x86_64-fedora-clang, r-devel-linux-x86_64-fedora-gcc, r-patched-linux-x86_64, r-patched-solaris-x86, r-release-linux-x86_64, r-release-osx-x86_64, r-oldrel-osx-x86_64
Version: 0.1-3
Check: top-level files
Result: NOTE
Non-standard files/directories found at top level:
'README.markdown' 'build_package.sh' 'upload.sh'
Flavors: r-devel-linux-x86_64-debian-clang, r-devel-linux-x86_64-debian-gcc, r-devel-linux-x86_64-fedora-clang, r-devel-linux-x86_64-fedora-gcc, r-patched-linux-x86_64, r-release-linux-x86_64
Version: 0.1-3
Check: DESCRIPTION meta-information
Result: NOTE
Malformed Title field: should not end in a period.
Flavors: r-devel-windows-ix86+x86_64, r-release-windows-ix86+x86_64, r-oldrel-windows-ix86+x86_64