Last updated on 2019-04-22 01:48:01 CEST.
Flavor | Version | Tinstall | Tcheck | Ttotal | Status | Flags |
---|---|---|---|---|---|---|
r-devel-linux-x86_64-debian-clang | 1.0-10 | 5.05 | 27.90 | 32.95 | OK | |
r-devel-linux-x86_64-debian-gcc | 1.0-10 | 4.50 | 22.40 | 26.90 | OK | |
r-devel-linux-x86_64-fedora-clang | 1.0-10 | 39.54 | NOTE | |||
r-devel-linux-x86_64-fedora-gcc | 1.0-10 | 38.40 | OK | |||
r-devel-windows-ix86+x86_64 | 1.0-10 | 13.00 | 54.00 | 67.00 | NOTE | |
r-patched-linux-x86_64 | 1.0-10 | 4.68 | 27.73 | 32.41 | OK | |
r-patched-solaris-x86 | 1.0-10 | 64.40 | NOTE | |||
r-release-linux-x86_64 | 1.0-10 | 3.30 | 26.01 | 29.31 | OK | |
r-release-windows-ix86+x86_64 | 1.0-10 | 7.00 | 58.00 | 65.00 | NOTE | |
r-release-osx-x86_64 | 1.0-10 | NOTE | ||||
r-oldrel-windows-ix86+x86_64 | 1.0-10 | 7.00 | 54.00 | 61.00 | NOTE | |
r-oldrel-osx-x86_64 | 1.0-10 | NOTE |
Version: 1.0-10
Check: installed package size
Result: NOTE
installed size is 8.5Mb
sub-directories of 1Mb or more:
data 1.2Mb
rda 7.1Mb
Flavors: r-devel-linux-x86_64-fedora-clang, r-devel-windows-ix86+x86_64, r-patched-solaris-x86, r-release-windows-ix86+x86_64, r-release-osx-x86_64, r-oldrel-windows-ix86+x86_64, r-oldrel-osx-x86_64