Last updated on 2019-04-22 01:48:03 CEST.
Flavor | Version | Tinstall | Tcheck | Ttotal | Status | Flags |
---|---|---|---|---|---|---|
r-devel-linux-x86_64-debian-clang | 0.1-2 | 2.71 | 31.96 | 34.67 | NOTE | |
r-devel-linux-x86_64-debian-gcc | 0.1-2 | 3.33 | 28.22 | 31.55 | NOTE | |
r-devel-linux-x86_64-fedora-clang | 0.1-2 | 43.99 | NOTE | |||
r-devel-linux-x86_64-fedora-gcc | 0.1-2 | 42.35 | NOTE | |||
r-devel-windows-ix86+x86_64 | 0.1-2 | 12.00 | 53.00 | 65.00 | NOTE | |
r-patched-linux-x86_64 | 0.1-2 | 3.06 | 31.37 | 34.43 | NOTE | |
r-patched-solaris-x86 | 0.1-2 | 73.40 | NOTE | |||
r-release-linux-x86_64 | 0.1-2 | 1.70 | 29.13 | 30.83 | NOTE | |
r-release-windows-ix86+x86_64 | 0.1-2 | 4.00 | 62.00 | 66.00 | NOTE | |
r-release-osx-x86_64 | 0.1-2 | NOTE | ||||
r-oldrel-windows-ix86+x86_64 | 0.1-2 | 5.00 | 56.00 | 61.00 | NOTE | |
r-oldrel-osx-x86_64 | 0.1-2 | NOTE |
Version: 0.1-2
Check: R code for possible problems
Result: NOTE
readSEER: no visible global function definition for 'read.fwf'
Undefined global functions or variables:
read.fwf
Consider adding
importFrom("utils", "read.fwf")
to your NAMESPACE file.
Flavors: r-devel-linux-x86_64-debian-clang, r-devel-linux-x86_64-debian-gcc, r-devel-linux-x86_64-fedora-clang, r-devel-linux-x86_64-fedora-gcc, r-devel-windows-ix86+x86_64, r-patched-linux-x86_64, r-patched-solaris-x86, r-release-linux-x86_64, r-release-windows-ix86+x86_64, r-release-osx-x86_64, r-oldrel-windows-ix86+x86_64, r-oldrel-osx-x86_64