Last updated on 2019-04-22 01:48:03 CEST.
Flavor | Version | Tinstall | Tcheck | Ttotal | Status | Flags |
---|---|---|---|---|---|---|
r-devel-linux-x86_64-debian-clang | 1.0.0 | 8.12 | 74.31 | 82.43 | OK | |
r-devel-linux-x86_64-debian-gcc | 1.0.0 | 7.19 | 57.22 | 64.41 | OK | |
r-devel-linux-x86_64-fedora-clang | 1.0.0 | 97.34 | NOTE | |||
r-devel-linux-x86_64-fedora-gcc | 1.0.0 | 92.44 | NOTE | |||
r-devel-windows-ix86+x86_64 | 1.0.0 | 22.00 | 109.00 | 131.00 | OK | |
r-patched-linux-x86_64 | 1.0.0 | 8.56 | 70.88 | 79.44 | OK | |
r-patched-solaris-x86 | 1.0.0 | 149.00 | NOTE | |||
r-release-linux-x86_64 | 1.0.0 | 4.97 | 70.04 | 75.01 | OK | |
r-release-windows-ix86+x86_64 | 1.0.0 | 13.00 | 130.00 | 143.00 | OK | |
r-release-osx-x86_64 | 1.0.0 | NOTE | ||||
r-oldrel-windows-ix86+x86_64 | 1.0.0 | 19.00 | 129.00 | 148.00 | OK | |
r-oldrel-osx-x86_64 | 1.0.0 | NOTE |
Version: 1.0.0
Check: dependencies in R code
Result: NOTE
Namespace in Imports field not imported from: ‘nlme’
All declared Imports should be used.
Flavors: r-devel-linux-x86_64-fedora-clang, r-devel-linux-x86_64-fedora-gcc, r-patched-solaris-x86, r-release-osx-x86_64, r-oldrel-osx-x86_64