Last updated on 2019-04-22 01:48:03 CEST.
Flavor | Version | Tinstall | Tcheck | Ttotal | Status | Flags |
---|---|---|---|---|---|---|
r-devel-linux-x86_64-debian-clang | 0.10.3 | 3.87 | 87.72 | 91.59 | OK | |
r-devel-linux-x86_64-debian-gcc | 0.10.3 | 2.75 | 67.48 | 70.23 | OK | |
r-devel-linux-x86_64-fedora-clang | 0.10.3 | 102.78 | NOTE | |||
r-devel-linux-x86_64-fedora-gcc | 0.10.3 | 101.21 | OK | |||
r-devel-windows-ix86+x86_64 | 0.10.3 | 9.00 | 119.00 | 128.00 | NOTE | |
r-patched-linux-x86_64 | 0.10.3 | 4.18 | 84.71 | 88.89 | OK | |
r-patched-solaris-x86 | 0.10.3 | 146.60 | NOTE | |||
r-release-linux-x86_64 | 0.10.3 | 3.42 | 82.77 | 86.19 | OK | |
r-release-windows-ix86+x86_64 | 0.10.3 | 5.00 | 137.00 | 142.00 | NOTE | |
r-release-osx-x86_64 | 0.10.3 | NOTE | ||||
r-oldrel-windows-ix86+x86_64 | 0.10.3 | 9.00 | 148.00 | 157.00 | NOTE | |
r-oldrel-osx-x86_64 | 0.10.3 | NOTE |
Version: 0.10.3
Check: installed package size
Result: NOTE
installed size is 12.4Mb
sub-directories of 1Mb or more:
doc 12.1Mb
Flavors: r-devel-linux-x86_64-fedora-clang, r-devel-windows-ix86+x86_64, r-patched-solaris-x86, r-release-windows-ix86+x86_64, r-release-osx-x86_64, r-oldrel-windows-ix86+x86_64, r-oldrel-osx-x86_64
Version: 0.10.3
Check: package dependencies
Result: NOTE
Package suggested but not available for checking: ‘devtools’
Flavor: r-oldrel-osx-x86_64