CRAN Package Check Results for Package Wrapped

Last updated on 2019-04-22 01:48:04 CEST.

Flavor Version Tinstall Tcheck Ttotal Status Flags
r-devel-linux-x86_64-debian-clang 2.0 11.51 118.72 130.23 OK
r-devel-linux-x86_64-debian-gcc 2.0 11.37 93.99 105.36 OK
r-devel-linux-x86_64-fedora-clang 2.0 156.01 OK
r-devel-linux-x86_64-fedora-gcc 2.0 152.28 OK
r-devel-windows-ix86+x86_64 2.0 34.00 266.00 300.00 OK
r-patched-linux-x86_64 2.0 12.17 118.78 130.95 OK
r-patched-solaris-x86 2.0 241.60 OK
r-release-linux-x86_64 2.0 9.91 116.15 126.06 OK
r-release-windows-ix86+x86_64 2.0 15.00 301.00 316.00 OK
r-release-osx-x86_64 2.0 OK
r-oldrel-windows-ix86+x86_64 2.0 15.00 278.00 293.00 OK
r-oldrel-osx-x86_64 2.0 WARN

Check Details

Version: 2.0
Check: re-building of vignette outputs
Result: WARN
    Error in re-building vignettes:
     ...
    Error: processing vignette 'wrappedvig.ltx' failed with diagnostics:
    Running 'texi2dvi' on 'wrappedvig.ltx' failed.
    LaTeX errors:
    ! Package pdftex.def Error: File `wrappedv1-eps-converted-to.pdf' not found.
    
    See the pdftex.def package documentation for explanation.
    Type H <return> for immediate help.
     ...
    ! Package pdftex.def Error: File `wrappedv2-eps-converted-to.pdf' not found.
    
    See the pdftex.def package documentation for explanation.
    Type H <return> for immediate help.
     ...
    ! Package pdftex.def Error: File `wrappedv3-eps-converted-to.pdf' not found.
    
    See the pdftex.def package documentation for explanation.
    Type H <return> for immediate help.
     ...
    ! Package pdftex.def Error: File `wrappedv4-eps-converted-to.pdf' not found.
    
    See the pdftex.def package documentation for explanation.
    Type H <return> for immediate help.
     ...
    Execution halted
Flavor: r-oldrel-osx-x86_64