Last updated on 2019-04-22 01:47:28 CEST.
Flavor | Version | Tinstall | Tcheck | Ttotal | Status | Flags |
---|---|---|---|---|---|---|
r-devel-linux-x86_64-debian-clang | 1.6.0 | 34.83 | 56.93 | 91.76 | OK | |
r-devel-linux-x86_64-debian-gcc | 1.6.0 | 20.60 | 45.80 | 66.40 | OK | |
r-devel-linux-x86_64-fedora-clang | 1.6.0 | 129.63 | OK | |||
r-devel-linux-x86_64-fedora-gcc | 1.6.0 | OK | ||||
r-devel-windows-ix86+x86_64 | 1.6.0 | 69.00 | 131.00 | 200.00 | OK | |
r-patched-linux-x86_64 | 1.6.0 | 25.54 | 58.82 | 84.36 | OK | |
r-patched-solaris-x86 | 1.6.0 | 131.20 | OK | |||
r-release-linux-x86_64 | 1.6.0 | 25.91 | 56.91 | 82.82 | OK | |
r-release-windows-ix86+x86_64 | 1.6.0 | 51.00 | 134.00 | 185.00 | OK | |
r-release-osx-x86_64 | 1.6.0 | OK | ||||
r-oldrel-windows-ix86+x86_64 | 1.5.2 | 48.00 | 145.00 | 193.00 | OK | |
r-oldrel-osx-x86_64 | 1.6.0 | ERROR |
Version: 1.6.0
Check: whether package can be installed
Result: ERROR
Installation failed.
Flavor: r-oldrel-osx-x86_64