CRAN Package Check Results for Package adehabitatMA

Last updated on 2019-04-22 01:47:29 CEST.

Flavor Version Tinstall Tcheck Ttotal Status Flags
r-devel-linux-x86_64-debian-clang 0.3.13 6.59 51.29 57.88 OK
r-devel-linux-x86_64-debian-gcc 0.3.13 5.52 40.01 45.53 OK
r-devel-linux-x86_64-fedora-clang 0.3.13 69.25 NOTE
r-devel-linux-x86_64-fedora-gcc 0.3.13 65.34 NOTE
r-devel-windows-ix86+x86_64 0.3.13 21.00 100.00 121.00 OK
r-patched-linux-x86_64 0.3.13 6.45 50.70 57.15 OK
r-patched-solaris-x86 0.3.13 109.60 NOTE
r-release-linux-x86_64 0.3.13 5.43 47.90 53.33 OK
r-release-windows-ix86+x86_64 0.3.13 13.00 117.00 130.00 OK
r-release-osx-x86_64 0.3.13 NOTE
r-oldrel-windows-ix86+x86_64 0.3.13 9.00 114.00 123.00 OK
r-oldrel-osx-x86_64 0.3.12 NOTE

Check Details

Version: 0.3.13
Check: dependencies in R code
Result: NOTE
    Namespace in Imports field not imported from: ‘filehash’
     All declared Imports should be used.
Flavors: r-devel-linux-x86_64-fedora-clang, r-devel-linux-x86_64-fedora-gcc, r-patched-solaris-x86, r-release-osx-x86_64

Version: 0.3.12
Check: dependencies in R code
Result: NOTE
    Namespace in Imports field not imported from: ‘filehash’
     All declared Imports should be used.
Flavor: r-oldrel-osx-x86_64