CRAN Package Check Results for Package ahpsurvey

Last updated on 2019-04-22 01:47:29 CEST.

Flavor Version Tinstall Tcheck Ttotal Status Flags
r-devel-linux-x86_64-debian-clang 0.4.0 4.54 88.95 93.49 OK
r-devel-linux-x86_64-debian-gcc 0.4.0 3.70 64.81 68.51 OK
r-devel-linux-x86_64-fedora-clang 0.4.0 106.33 NOTE
r-devel-linux-x86_64-fedora-gcc 0.4.0 101.49 NOTE
r-devel-windows-ix86+x86_64 0.4.0 14.00 170.00 184.00 OK
r-patched-linux-x86_64 0.4.0 4.80 84.90 89.70 OK
r-patched-solaris-x86 0.4.0 140.50 NOTE
r-release-linux-x86_64 0.4.0 2.87 82.29 85.16 OK
r-release-windows-ix86+x86_64 0.4.0 7.00 96.00 103.00 OK
r-release-osx-x86_64 0.4.0 NOTE
r-oldrel-windows-ix86+x86_64 0.4.0 9.00 129.00 138.00 OK
r-oldrel-osx-x86_64 0.4.0 NOTE

Check Details

Version: 0.4.0
Check: dependencies in R code
Result: NOTE
    Namespaces in Imports field not imported from:
     ‘knitr’ ‘randomNames’ ‘tidyr’
     All declared Imports should be used.
Flavors: r-devel-linux-x86_64-fedora-clang, r-devel-linux-x86_64-fedora-gcc, r-patched-solaris-x86, r-release-osx-x86_64, r-oldrel-osx-x86_64