CRAN Package Check Results for Package algorithmia

Last updated on 2019-04-22 01:47:29 CEST.

Flavor Version Tinstall Tcheck Ttotal Status Flags
r-devel-linux-x86_64-debian-clang 0.0.2 2.82 23.04 25.86 OK
r-devel-linux-x86_64-debian-gcc 0.0.2 2.34 18.92 21.26 OK
r-devel-linux-x86_64-fedora-clang 0.0.2 32.23 NOTE
r-devel-linux-x86_64-fedora-gcc 0.0.2 30.61 NOTE
r-devel-windows-ix86+x86_64 0.0.2 8.00 49.00 57.00 OK
r-patched-linux-x86_64 0.0.2 3.31 22.99 26.30 OK
r-patched-solaris-x86 0.0.2 47.50 NOTE
r-release-linux-x86_64 0.0.2 2.63 21.93 24.56 NOTE
r-release-windows-ix86+x86_64 0.0.2 5.00 46.00 51.00 OK
r-release-osx-x86_64 0.0.2 NOTE
r-oldrel-windows-ix86+x86_64 0.0.2 3.00 90.00 93.00 OK
r-oldrel-osx-x86_64 0.0.2 NOTE

Check Details

Version: 0.0.2
Check: dependencies in R code
Result: NOTE
    Namespaces in Imports field not imported from:
     ‘rjson’ ‘xml2’
     All declared Imports should be used.
Flavors: r-devel-linux-x86_64-fedora-clang, r-devel-linux-x86_64-fedora-gcc, r-patched-solaris-x86, r-release-osx-x86_64, r-oldrel-osx-x86_64

Version: 0.0.2
Check: DESCRIPTION meta-information
Result: NOTE
    Dependence on R version ‘3.3.1’ not with patchlevel 0
Flavor: r-release-linux-x86_64