Last updated on 2019-04-22 01:47:29 CEST.
Flavor | Version | Tinstall | Tcheck | Ttotal | Status | Flags |
---|---|---|---|---|---|---|
r-devel-linux-x86_64-debian-clang | 0.3.3 | 27.67 | 44.13 | 71.80 | OK | |
r-devel-linux-x86_64-debian-gcc | 0.3.3 | 23.83 | 36.60 | 60.43 | OK | |
r-devel-linux-x86_64-fedora-clang | 0.3.3 | 99.55 | OK | |||
r-devel-linux-x86_64-fedora-gcc | 0.3.3 | 92.29 | OK | |||
r-devel-windows-ix86+x86_64 | 0.3.3 | 71.00 | 137.00 | 208.00 | WARN | |
r-patched-linux-x86_64 | 0.3.3 | 26.55 | 44.70 | 71.25 | OK | |
r-patched-solaris-x86 | 0.3.3 | 100.20 | OK | |||
r-release-linux-x86_64 | 0.3.3 | 29.41 | 42.98 | 72.39 | OK | |
r-release-windows-ix86+x86_64 | 0.3.3 | 50.00 | 159.00 | 209.00 | OK | |
r-release-osx-x86_64 | 0.3.3 | OK | ||||
r-oldrel-windows-ix86+x86_64 | 0.3.3 | 55.00 | 163.00 | 218.00 | OK | |
r-oldrel-osx-x86_64 | 0.3.3 | OK |
Version: 0.3.3
Check: whether package can be installed
Result: WARN
Found the following significant warnings:
d:/RCompile/CRANpkg/lib/3.6/BH/include/boost/winapi/basic_types.hpp:212:44: warning: ISO C++ 1998 does not support 'long long' [-Wlong-long]
d:/RCompile/CRANpkg/lib/3.6/BH/include/boost/winapi/basic_types.hpp:213:53: warning: ISO C++ 1998 does not support 'long long' [-Wlong-long]
Flavor: r-devel-windows-ix86+x86_64