CRAN Package Check Results for Package arena2r

Last updated on 2019-04-22 01:47:29 CEST.

Flavor Version Tinstall Tcheck Ttotal Status Flags
r-devel-linux-x86_64-debian-clang 1.0.0 2.05 34.62 36.67 OK
r-devel-linux-x86_64-debian-gcc 1.0.0 1.69 27.16 28.85 OK
r-devel-linux-x86_64-fedora-clang 1.0.0 43.04 NOTE
r-devel-linux-x86_64-fedora-gcc 1.0.0 41.86 NOTE
r-devel-windows-ix86+x86_64 1.0.0 9.00 57.00 66.00 OK
r-patched-linux-x86_64 1.0.0 2.10 33.94 36.04 OK
r-patched-solaris-x86 1.0.0 58.90 NOTE
r-release-linux-x86_64 1.0.0 1.16 32.54 33.70 OK
r-release-windows-ix86+x86_64 1.0.0 5.00 43.00 48.00 OK
r-release-osx-x86_64 1.0.0 NOTE
r-oldrel-windows-ix86+x86_64 1.0.0 9.00 69.00 78.00 OK
r-oldrel-osx-x86_64 1.0.0 NOTE

Check Details

Version: 1.0.0
Check: dependencies in R code
Result: NOTE
    Namespaces in Imports field not imported from:
     ‘purrr’ ‘shinyBS’ ‘shinydashboard’ ‘shinyjs’
     All declared Imports should be used.
Flavors: r-devel-linux-x86_64-fedora-clang, r-devel-linux-x86_64-fedora-gcc, r-patched-solaris-x86, r-release-osx-x86_64, r-oldrel-osx-x86_64