Last updated on 2019-04-22 01:47:29 CEST.
Flavor | Version | Tinstall | Tcheck | Ttotal | Status | Flags |
---|---|---|---|---|---|---|
r-devel-linux-x86_64-debian-clang | 4.1-22 | 12.03 | 146.75 | 158.78 | NOTE | |
r-devel-linux-x86_64-debian-gcc | 4.1-22 | 9.67 | 114.14 | 123.81 | NOTE | |
r-devel-linux-x86_64-fedora-clang | 4.1-22 | 210.09 | NOTE | |||
r-devel-linux-x86_64-fedora-gcc | 4.1-22 | 182.11 | NOTE | |||
r-devel-windows-ix86+x86_64 | 4.1-22 | 37.00 | 201.00 | 238.00 | NOTE | |
r-patched-linux-x86_64 | 4.1-22 | 12.80 | 134.45 | 147.25 | NOTE | |
r-patched-solaris-x86 | 4.1-22 | 243.00 | NOTE | |||
r-release-linux-x86_64 | 4.1-22 | 10.14 | 127.76 | 137.90 | NOTE | |
r-release-windows-ix86+x86_64 | 4.1-22 | 16.00 | 196.00 | 212.00 | NOTE | |
r-release-osx-x86_64 | 4.1-22 | NOTE | ||||
r-oldrel-windows-ix86+x86_64 | 4.1-22 | 18.00 | 257.00 | 275.00 | NOTE | |
r-oldrel-osx-x86_64 | 4.1-22 | NOTE |
Version: 4.1-22
Check: package dependencies
Result: NOTE
Package which this enhances but not available for checking: 'asreml'
Flavors: r-devel-linux-x86_64-debian-clang, r-devel-linux-x86_64-debian-gcc, r-devel-linux-x86_64-fedora-clang, r-devel-linux-x86_64-fedora-gcc, r-devel-windows-ix86+x86_64, r-patched-linux-x86_64, r-patched-solaris-x86, r-release-linux-x86_64, r-release-windows-ix86+x86_64, r-release-osx-x86_64, r-oldrel-windows-ix86+x86_64, r-oldrel-osx-x86_64