Last updated on 2019-04-22 01:47:29 CEST.
Flavor | Version | Tinstall | Tcheck | Ttotal | Status | Flags |
---|---|---|---|---|---|---|
r-devel-linux-x86_64-debian-clang | 1.0.0 | 11.46 | 31.17 | 42.63 | OK | |
r-devel-linux-x86_64-debian-gcc | 1.0.0 | 9.85 | 29.25 | 39.10 | OK | |
r-devel-linux-x86_64-fedora-clang | 1.0.0 | 40.76 | NOTE | |||
r-devel-linux-x86_64-fedora-gcc | 1.0.0 | 42.43 | OK | |||
r-devel-windows-ix86+x86_64 | 1.0.0 | 19.00 | 46.00 | 65.00 | NOTE | |
r-patched-linux-x86_64 | 1.0.0 | 10.73 | 31.02 | 41.75 | OK | |
r-patched-solaris-x86 | 1.0.0 | 95.60 | NOTE | |||
r-release-linux-x86_64 | 1.0.0 | 10.34 | 29.36 | 39.70 | OK | |
r-release-windows-ix86+x86_64 | 1.0.0 | 14.00 | 53.00 | 67.00 | NOTE | |
r-release-osx-x86_64 | 1.0.0 | NOTE | ||||
r-oldrel-windows-ix86+x86_64 | 1.0.0 | 14.00 | 53.00 | 67.00 | NOTE | |
r-oldrel-osx-x86_64 | 1.0.0 | NOTE |
Version: 1.0.0
Check: installed package size
Result: NOTE
installed size is 9.5Mb
sub-directories of 1Mb or more:
data 9.4Mb
Flavors: r-devel-linux-x86_64-fedora-clang, r-devel-windows-ix86+x86_64, r-patched-solaris-x86, r-release-windows-ix86+x86_64, r-release-osx-x86_64, r-oldrel-windows-ix86+x86_64, r-oldrel-osx-x86_64