Last updated on 2019-04-22 01:47:30 CEST.
Flavor | Version | Tinstall | Tcheck | Ttotal | Status | Flags |
---|---|---|---|---|---|---|
r-devel-linux-x86_64-debian-clang | 0.1-3 | 2.43 | 15.02 | 17.45 | OK | |
r-devel-linux-x86_64-debian-gcc | 0.1-3 | 1.75 | 13.33 | 15.08 | OK | |
r-devel-linux-x86_64-fedora-clang | 0.1-3 | 20.42 | NOTE | |||
r-devel-linux-x86_64-fedora-gcc | 0.1-3 | 19.40 | NOTE | |||
r-devel-windows-ix86+x86_64 | 0.1-3 | 16.00 | 34.00 | 50.00 | OK | |
r-patched-linux-x86_64 | 0.1-3 | 2.11 | 15.16 | 17.27 | OK | |
r-patched-solaris-x86 | 0.1-3 | 36.00 | OK | |||
r-release-linux-x86_64 | 0.1-3 | 1.49 | 14.15 | 15.64 | OK | |
r-release-windows-ix86+x86_64 | 0.1-3 | 9.00 | 32.00 | 41.00 | OK | |
r-release-osx-x86_64 | 0.1-3 | OK | ||||
r-oldrel-windows-ix86+x86_64 | 0.1-3 | 8.00 | 30.00 | 38.00 | OK | |
r-oldrel-osx-x86_64 | 0.1-3 | OK |
Version: 0.1-3
Check: compiled code
Result: NOTE
File ‘base64enc/libs/base64enc.so’:
Found no calls to: ‘R_registerRoutines’, ‘R_useDynamicSymbols’
It is good practice to register native routines and to disable symbol
search.
See ‘Writing portable packages’ in the ‘Writing R Extensions’ manual.
Flavors: r-devel-linux-x86_64-fedora-clang, r-devel-linux-x86_64-fedora-gcc