CRAN Package Check Results for Package bayesplot

Last updated on 2019-04-22 01:47:30 CEST.

Flavor Version Tinstall Tcheck Ttotal Status Flags
r-devel-linux-x86_64-debian-clang 1.6.0 11.39 236.59 247.98 OK
r-devel-linux-x86_64-debian-gcc 1.6.0 9.58 176.78 186.36 OK
r-devel-linux-x86_64-fedora-clang 1.6.0 275.08 NOTE
r-devel-linux-x86_64-fedora-gcc 1.6.0 271.82 OK
r-devel-windows-ix86+x86_64 1.6.0 24.00 226.00 250.00 NOTE
r-patched-linux-x86_64 1.6.0 9.73 230.91 240.64 OK
r-patched-solaris-x86 1.6.0 365.30 WARN
r-release-linux-x86_64 1.6.0 7.04 234.18 241.22 OK
r-release-windows-ix86+x86_64 1.6.0 13.00 323.00 336.00 NOTE
r-release-osx-x86_64 1.6.0 WARN
r-oldrel-windows-ix86+x86_64 1.6.0 18.00 393.00 411.00 NOTE
r-oldrel-osx-x86_64 1.6.0 WARN

Check Details

Version: 1.6.0
Check: installed package size
Result: NOTE
     installed size is 6.4Mb
     sub-directories of 1Mb or more:
     R 1.8Mb
     doc 4.0Mb
Flavors: r-devel-linux-x86_64-fedora-clang, r-devel-windows-ix86+x86_64, r-patched-solaris-x86, r-release-windows-ix86+x86_64, r-release-osx-x86_64, r-oldrel-windows-ix86+x86_64, r-oldrel-osx-x86_64

Version: 1.6.0
Check: re-building of vignette outputs
Result: WARN
    Error(s) in re-building vignettes:
     ...
    --- re-building ‘graphical-ppcs.Rmd’ using rmarkdown
    Warning in engine$weave(file, quiet = quiet, encoding = enc) :
     Pandoc (>= 1.12.3) and/or pandoc-citeproc not available. Falling back to R Markdown v1.
    Quitting from lines 2-14 (./children/SETTINGS-knitr.txt)
    Quitting from lines NA-14 (./children/SETTINGS-knitr.txt)
    Error: processing vignette 'graphical-ppcs.Rmd' failed with diagnostics:
    object 'params' not found
    --- failed re-building ‘graphical-ppcs.Rmd’
    
    --- re-building ‘plotting-mcmc-draws.Rmd’ using rmarkdown
    Warning in engine$weave(file, quiet = quiet, encoding = enc) :
     Pandoc (>= 1.12.3) and/or pandoc-citeproc not available. Falling back to R Markdown v1.
    Quitting from lines 2-14 (./children/SETTINGS-knitr.txt)
    Quitting from lines NA-14 (./children/SETTINGS-knitr.txt)
    Error: processing vignette 'plotting-mcmc-draws.Rmd' failed with diagnostics:
    object 'params' not found
    --- failed re-building ‘plotting-mcmc-draws.Rmd’
    
    --- re-building ‘visual-mcmc-diagnostics.Rmd’ using rmarkdown
    Warning in engine$weave(file, quiet = quiet, encoding = enc) :
     Pandoc (>= 1.12.3) and/or pandoc-citeproc not available. Falling back to R Markdown v1.
    Quitting from lines 2-14 (./children/SETTINGS-knitr.txt)
    Quitting from lines NA-14 (./children/SETTINGS-knitr.txt)
    Error: processing vignette 'visual-mcmc-diagnostics.Rmd' failed with diagnostics:
    object 'params' not found
    --- failed re-building ‘visual-mcmc-diagnostics.Rmd’
    
    SUMMARY: processing the following files failed:
     ‘graphical-ppcs.Rmd’ ‘plotting-mcmc-draws.Rmd’
     ‘visual-mcmc-diagnostics.Rmd’
    
    Error: Vignette re-building failed.
    Execution halted
Flavor: r-patched-solaris-x86

Version: 1.6.0
Check: re-building of vignette outputs
Result: WARN
    Error in re-building vignettes:
     ...
    Warning in engine$weave(file, quiet = quiet, encoding = enc) :
     Pandoc (>= 1.12.3) and/or pandoc-citeproc not available. Falling back to R Markdown v1.
    Quitting from lines 2-14 (./children/SETTINGS-knitr.txt)
    Quitting from lines NA-14 (./children/SETTINGS-knitr.txt)
    Error: processing vignette 'graphical-ppcs.Rmd' failed with diagnostics:
    object 'params' not found
    Execution halted
Flavors: r-release-osx-x86_64, r-oldrel-osx-x86_64