CRAN Package Check Results for Package beanz

Last updated on 2019-04-22 01:47:30 CEST.

Flavor Version Tinstall Tcheck Ttotal Status Flags
r-devel-linux-x86_64-debian-clang 2.4 627.81 177.83 805.64 NOTE
r-devel-linux-x86_64-debian-gcc 2.4 615.02 156.30 771.32 NOTE
r-devel-linux-x86_64-fedora-clang 2.4 1191.00 NOTE
r-devel-linux-x86_64-fedora-gcc 2.4 1110.65 NOTE
r-devel-windows-ix86+x86_64 2.4 1465.00 273.00 1738.00 NOTE
r-patched-linux-x86_64 2.4 701.74 203.48 905.22 NOTE
r-patched-solaris-x86 2.4 1093.70 NOTE
r-release-linux-x86_64 2.4 675.22 210.84 886.06 NOTE
r-release-windows-ix86+x86_64 2.4 1172.00 314.00 1486.00 NOTE
r-release-osx-x86_64 2.4 NOTE
r-oldrel-windows-ix86+x86_64 2.4 1506.00 399.00 1905.00 NOTE
r-oldrel-osx-x86_64 2.4 NOTE

Check Details

Version: 2.4
Check: for GNU extensions in Makefiles
Result: NOTE
    GNU make is a SystemRequirements.
Flavors: r-devel-linux-x86_64-debian-clang, r-devel-linux-x86_64-debian-gcc, r-devel-linux-x86_64-fedora-clang, r-devel-linux-x86_64-fedora-gcc, r-devel-windows-ix86+x86_64, r-patched-linux-x86_64, r-patched-solaris-x86, r-release-linux-x86_64, r-release-windows-ix86+x86_64, r-release-osx-x86_64, r-oldrel-windows-ix86+x86_64, r-oldrel-osx-x86_64

Version: 2.4
Check: installed package size
Result: NOTE
     installed size is 92.6Mb
     sub-directories of 1Mb or more:
     libs 91.2Mb
Flavors: r-devel-linux-x86_64-fedora-clang, r-devel-windows-ix86+x86_64, r-patched-solaris-x86, r-release-windows-ix86+x86_64, r-release-osx-x86_64, r-oldrel-windows-ix86+x86_64, r-oldrel-osx-x86_64

Version: 2.4
Check: dependencies in R code
Result: NOTE
    Namespace in Imports field not imported from: ‘rstantools’
     All declared Imports should be used.
Flavors: r-devel-linux-x86_64-fedora-clang, r-devel-linux-x86_64-fedora-gcc, r-patched-solaris-x86, r-release-osx-x86_64, r-oldrel-osx-x86_64