CRAN Package Check Results for Package betategarch

Last updated on 2019-04-22 01:47:30 CEST.

Flavor Version Tinstall Tcheck Ttotal Status Flags
r-devel-linux-x86_64-debian-clang 3.3 3.18 25.90 29.08 OK
r-devel-linux-x86_64-debian-gcc 3.3 2.70 21.63 24.33 OK
r-devel-linux-x86_64-fedora-clang 3.3 35.53 NOTE
r-devel-linux-x86_64-fedora-gcc 3.3 33.92 NOTE
r-devel-windows-ix86+x86_64 3.3 12.00 49.00 61.00 OK
r-patched-linux-x86_64 3.3 3.71 26.26 29.97 OK
r-patched-solaris-x86 3.3 59.30 OK
r-release-linux-x86_64 3.3 2.77 24.01 26.78 OK
r-release-windows-ix86+x86_64 3.3 7.00 69.00 76.00 OK
r-release-osx-x86_64 3.3 OK
r-oldrel-windows-ix86+x86_64 3.3 7.00 66.00 73.00 OK
r-oldrel-osx-x86_64 3.3 OK

Check Details

Version: 3.3
Check: compiled code
Result: NOTE
    File ‘betategarch/libs/betategarch.so’:
     Found no calls to: ‘R_registerRoutines’, ‘R_useDynamicSymbols’
    
    It is good practice to register native routines and to disable symbol
    search.
    
    See ‘Writing portable packages’ in the ‘Writing R Extensions’ manual.
Flavors: r-devel-linux-x86_64-fedora-clang, r-devel-linux-x86_64-fedora-gcc