Last updated on 2019-04-22 01:47:31 CEST.
Flavor | Version | Tinstall | Tcheck | Ttotal | Status | Flags |
---|---|---|---|---|---|---|
r-devel-linux-x86_64-debian-clang | 0.1.0 | 10.05 | 221.15 | 231.20 | OK | |
r-devel-linux-x86_64-debian-gcc | 0.1.0 | 9.56 | 165.28 | 174.84 | OK | |
r-devel-linux-x86_64-fedora-clang | 0.1.0 | 275.61 | NOTE | |||
r-devel-linux-x86_64-fedora-gcc | 0.1.0 | 257.96 | NOTE | |||
r-devel-windows-ix86+x86_64 | 0.1.0 | 26.00 | 273.00 | 299.00 | OK | |
r-patched-linux-x86_64 | 0.1.0 | 8.45 | 230.28 | 238.73 | OK | |
r-patched-solaris-x86 | 0.1.0 | 456.90 | NOTE | |||
r-release-linux-x86_64 | 0.1.0 | 6.00 | 228.37 | 234.37 | OK | |
r-release-windows-ix86+x86_64 | 0.1.0 | 11.00 | 342.00 | 353.00 | OK | |
r-release-osx-x86_64 | 0.1.0 | NOTE | ||||
r-oldrel-windows-ix86+x86_64 | 0.1.0 | 16.00 | 368.00 | 384.00 | OK | |
r-oldrel-osx-x86_64 | 0.1.0 | NOTE |
Version: 0.1.0
Check: dependencies in R code
Result: NOTE
Namespaces in Imports field not imported from:
‘rgdal’ ‘tidyr’
All declared Imports should be used.
Flavors: r-devel-linux-x86_64-fedora-clang, r-devel-linux-x86_64-fedora-gcc, r-patched-solaris-x86, r-release-osx-x86_64, r-oldrel-osx-x86_64