Last updated on 2019-04-22 01:47:32 CEST.
Flavor | Version | Tinstall | Tcheck | Ttotal | Status | Flags |
---|---|---|---|---|---|---|
r-devel-linux-x86_64-debian-clang | 0.0.2 | 7.90 | 99.34 | 107.24 | NOTE | |
r-devel-linux-x86_64-debian-gcc | 0.0.2 | 6.60 | 77.01 | 83.61 | NOTE | |
r-devel-linux-x86_64-fedora-clang | 0.0.2 | 123.18 | NOTE | |||
r-devel-linux-x86_64-fedora-gcc | 0.0.2 | 120.82 | NOTE | |||
r-devel-windows-ix86+x86_64 | 0.0.2 | 23.00 | 112.00 | 135.00 | NOTE | |
r-patched-linux-x86_64 | 0.0.2 | 7.96 | 95.81 | 103.77 | NOTE | |
r-patched-solaris-x86 | 0.0.2 | 205.30 | NOTE | |||
r-release-linux-x86_64 | 0.0.2 | 4.41 | 90.26 | 94.67 | NOTE | |
r-release-windows-ix86+x86_64 | 0.0.2 | 13.00 | 145.00 | 158.00 | NOTE | |
r-release-osx-x86_64 | 0.0.2 | NOTE | ||||
r-oldrel-osx-x86_64 | 0.0.1 | ERROR |
Version: 0.0.2
Check: dependencies in R code
Result: NOTE
Missing or unexported object: 'dplyr::group_modify'
Flavors: r-devel-linux-x86_64-debian-clang, r-devel-linux-x86_64-debian-gcc, r-devel-linux-x86_64-fedora-clang, r-devel-linux-x86_64-fedora-gcc, r-devel-windows-ix86+x86_64, r-patched-linux-x86_64, r-patched-solaris-x86, r-release-linux-x86_64, r-release-windows-ix86+x86_64, r-release-osx-x86_64
Version: 0.0.1
Check: package dependencies
Result: ERROR
Package required but not available: ‘broom.mixed’
Package required and available but unsuitable version: ‘broom’
See section ‘The DESCRIPTION file’ in the ‘Writing R Extensions’
manual.
Flavor: r-oldrel-osx-x86_64