CRAN Package Check Results for Package bshazard

Last updated on 2019-04-22 01:47:32 CEST.

Flavor Version Tinstall Tcheck Ttotal Status Flags
r-devel-linux-x86_64-debian-clang 1.1 7.09 66.98 74.07 OK
r-devel-linux-x86_64-debian-gcc 1.1 5.47 52.30 57.77 OK
r-devel-linux-x86_64-fedora-clang 1.1 85.93 OK
r-devel-linux-x86_64-fedora-gcc 1.1 83.32 OK
r-devel-windows-ix86+x86_64 1.1 21.00 71.00 92.00 OK
r-patched-linux-x86_64 1.1 5.92 64.25 70.17 OK
r-patched-solaris-x86 1.1 140.70 OK
r-release-linux-x86_64 1.1 3.84 61.93 65.77 NOTE
r-release-windows-ix86+x86_64 1.1 9.00 102.00 111.00 OK
r-release-osx-x86_64 1.1 OK
r-oldrel-windows-ix86+x86_64 1.1 11.00 103.00 114.00 OK
r-oldrel-osx-x86_64 1.1 OK

Check Details

Version: 1.1
Check: DESCRIPTION meta-information
Result: NOTE
    Dependence on R version ‘3.3.3’ not with patchlevel 0
Flavor: r-release-linux-x86_64