Last updated on 2019-04-22 01:47:32 CEST.
Flavor | Version | Tinstall | Tcheck | Ttotal | Status | Flags |
---|---|---|---|---|---|---|
r-devel-linux-x86_64-debian-clang | 0.3.0 | 1.71 | 20.84 | 22.55 | OK | |
r-devel-linux-x86_64-debian-gcc | 0.3.0 | 1.07 | 16.97 | 18.04 | OK | |
r-devel-linux-x86_64-fedora-clang | 0.3.0 | 26.88 | OK | |||
r-devel-linux-x86_64-fedora-gcc | 0.3.0 | 25.52 | OK | |||
r-devel-windows-ix86+x86_64 | 0.3.0 | 6.00 | 32.00 | 38.00 | OK | |
r-patched-linux-x86_64 | 0.3.0 | 1.72 | 20.24 | 21.96 | OK | |
r-patched-solaris-x86 | 0.3.0 | 40.80 | OK | |||
r-release-linux-x86_64 | 0.3.0 | 0.99 | 19.79 | 20.78 | OK | |
r-release-windows-ix86+x86_64 | 0.3.0 | 2.00 | 49.00 | 51.00 | OK | |
r-release-osx-x86_64 | 0.3.0 | OK | ||||
r-oldrel-windows-ix86+x86_64 | 0.3.0 | 2.00 | 43.00 | 45.00 | OK | |
r-oldrel-osx-x86_64 | 0.3.0 | NOTE |
Version: 0.3.0
Check: package dependencies
Result: NOTE
Package suggested but not available for checking: ‘ncdf4’
Flavor: r-oldrel-osx-x86_64