Last updated on 2019-04-22 01:47:32 CEST.
Flavor | Version | Tinstall | Tcheck | Ttotal | Status | Flags |
---|---|---|---|---|---|---|
r-devel-linux-x86_64-debian-clang | 0.3.2 | 2.46 | 27.26 | 29.72 | OK | |
r-devel-linux-x86_64-debian-gcc | 0.3.2 | 1.88 | 22.26 | 24.14 | OK | |
r-devel-linux-x86_64-fedora-clang | 0.3.2 | 35.25 | OK | |||
r-devel-linux-x86_64-fedora-gcc | 0.3.2 | 33.70 | OK | |||
r-devel-windows-ix86+x86_64 | 0.3.2 | 9.00 | 42.00 | 51.00 | WARN | |
r-patched-linux-x86_64 | 0.3.2 | 2.08 | 27.37 | 29.45 | OK | |
r-patched-solaris-x86 | 0.3.2 | 51.40 | OK | |||
r-release-linux-x86_64 | 0.3.2 | 1.45 | 26.26 | 27.71 | OK | |
r-release-windows-ix86+x86_64 | 0.3.2 | 4.00 | 43.00 | 47.00 | OK | |
r-release-osx-x86_64 | 0.3.2 | OK | ||||
r-oldrel-windows-ix86+x86_64 | 0.3.2 | 3.00 | 60.00 | 63.00 | OK | |
r-oldrel-osx-x86_64 | 0.3.2 | OK |
Version: 0.3.2
Check: re-building of vignette outputs
Result: WARN
Error(s) in re-building vignettes:
--- re-building 'cbsodataR.Rmd' using rmarkdown
Quitting from lines 40-42 (cbsodataR.Rmd)
Error: processing vignette 'cbsodataR.Rmd' failed with diagnostics:
cannot open the connection
--- failed re-building 'cbsodataR.Rmd'
SUMMARY: processing the following file failed:
'cbsodataR.Rmd'
Error: Vignette re-building failed.
Execution halted
Flavor: r-devel-windows-ix86+x86_64