Last updated on 2019-04-22 01:47:32 CEST.
Flavor | Version | Tinstall | Tcheck | Ttotal | Status | Flags |
---|---|---|---|---|---|---|
r-devel-linux-x86_64-debian-clang | 1.0.8 | 3.62 | 46.64 | 50.26 | OK | |
r-devel-linux-x86_64-debian-gcc | 1.0.9 | 2.75 | 36.84 | 39.59 | OK | |
r-devel-linux-x86_64-fedora-clang | 1.0.9 | 66.43 | OK | |||
r-devel-linux-x86_64-fedora-gcc | 1.0.9 | 56.19 | OK | |||
r-devel-windows-ix86+x86_64 | 1.0.8 | 9.00 | 53.00 | 62.00 | OK | |
r-patched-linux-x86_64 | 1.0.8 | 3.79 | 45.19 | 48.98 | OK | |
r-patched-solaris-x86 | 1.0.9 | 80.70 | OK | |||
r-release-linux-x86_64 | 1.0.8 | 2.83 | 38.60 | 41.43 | OK | |
r-release-windows-ix86+x86_64 | 1.0.9 | 5.00 | 49.00 | 54.00 | OK | |
r-release-osx-x86_64 | 1.0.9 | OK | ||||
r-oldrel-windows-ix86+x86_64 | 1.0.8 | 5.00 | 78.00 | 83.00 | OK | |
r-oldrel-osx-x86_64 | 1.0.8 | ERROR |
Version: 1.0.8
Check: package dependencies
Result: ERROR
Package required and available but unsuitable version: ‘wrapr’
See section ‘The DESCRIPTION file’ in the ‘Writing R Extensions’
manual.
Flavor: r-oldrel-osx-x86_64